{"id":522,"date":"2025-12-10T15:22:24","date_gmt":"2025-12-10T15:22:24","guid":{"rendered":"https:\/\/schulwegsicherheit.ch\/sws\/?page_id=522"},"modified":"2026-01-08T12:25:33","modified_gmt":"2026-01-08T12:25:33","slug":"verkehrslenkung-elterntaxi","status":"publish","type":"page","link":"https:\/\/schulwegsicherheit.ch\/sws\/index.php\/verkehrslenkung-elterntaxi\/","title":{"rendered":"Verkehrslenkung\/Elterntaxi"},"content":{"rendered":"\n<div class=\"wp-block-group alignfull has-global-padding is-layout-constrained wp-block-group-is-layout-constrained\">\n<div class=\"wp-block-columns alignfull is-layout-flex wp-container-core-columns-is-layout-cf9dd0f5 wp-block-columns-is-layout-flex\" style=\"border-top-style:none;border-top-width:0rem;border-bottom-width:1px;margin-top:0;margin-bottom:0;padding-top:0;padding-right:0;padding-bottom:0;padding-left:0\">\n<div class=\"wp-block-column has-background is-layout-flow wp-block-column-is-layout-flow\" style=\"background-color:#d1bae3;flex-basis:10vh\"><\/div>\n\n\n\n<div class=\"wp-block-column has-background is-layout-flow wp-container-core-column-is-layout-24419d1c wp-block-column-is-layout-flow\" style=\"background-color:#d1bae3;padding-top:var(--wp--preset--spacing--30);padding-right:var(--wp--preset--spacing--30);padding-bottom:var(--wp--preset--spacing--30);padding-left:var(--wp--preset--spacing--30);flex-basis:40vw\">\n<div class=\"wp-block-group has-global-padding is-layout-constrained wp-block-group-is-layout-constrained\" style=\"margin-top:0;margin-bottom:0;padding-top:0;padding-bottom:0\">\n<h1 class=\"wp-block-heading has-text-align-left is-style-default has-georgia-font-family has-xx-large-font-size\">Verkehrslenkung \/ Elterntaxi<\/h1>\n\n\n\n<div style=\"height:3vh\" aria-hidden=\"true\" class=\"wp-block-spacer\"><\/div>\n\n\n\n<h1 class=\"wp-block-heading has-text-align-left is-style-default has-ab-baldingerpro-font-family has-x-large-font-size\" style=\"font-style:normal;font-weight:700\">Reduktion und Lenkung von Elterntaxis in K\u00f6niz<\/h1>\n\n\n\n<div style=\"height:2vh\" aria-hidden=\"true\" class=\"wp-block-spacer\"><\/div>\n\n\n\n<div class=\"wp-block-jetpack-slideshow\" data-effect=\"slide\" style=\"--aspect-ratio:calc(1536 \/ 1025)\"><div class=\"wp-block-jetpack-slideshow_container swiper\"><ul class=\"wp-block-jetpack-slideshow_swiper-wrapper swiper-wrapper\"><li class=\"wp-block-jetpack-slideshow_slide swiper-slide\"><figure><img loading=\"lazy\" decoding=\"async\" width=\"1536\" height=\"1025\" alt=\"Schriftzug \u00abSCHULE\u00bb auf der Strasse\" class=\"wp-block-jetpack-slideshow_image wp-image-525\" data-id=\"525\" data-aspect-ratio=\"1536 \/ 1025\" src=\"https:\/\/schulwegsicherheit.ch\/sws\/wp-content\/uploads\/2025\/12\/1_Schulwegsicherheit-Blindenmoos_Strasse-1536x1025-1.jpg\" srcset=\"https:\/\/schulwegsicherheit.ch\/sws\/wp-content\/uploads\/2025\/12\/1_Schulwegsicherheit-Blindenmoos_Strasse-1536x1025-1.jpg 1536w, https:\/\/schulwegsicherheit.ch\/sws\/wp-content\/uploads\/2025\/12\/1_Schulwegsicherheit-Blindenmoos_Strasse-1536x1025-1-300x200.jpg 300w, https:\/\/schulwegsicherheit.ch\/sws\/wp-content\/uploads\/2025\/12\/1_Schulwegsicherheit-Blindenmoos_Strasse-1536x1025-1-1024x683.jpg 1024w, https:\/\/schulwegsicherheit.ch\/sws\/wp-content\/uploads\/2025\/12\/1_Schulwegsicherheit-Blindenmoos_Strasse-1536x1025-1-768x513.jpg 768w\" sizes=\"(max-width: 1536px) 100vw, 1536px\" \/><\/figure><\/li><li class=\"wp-block-jetpack-slideshow_slide swiper-slide\"><figure><img loading=\"lazy\" decoding=\"async\" width=\"1536\" height=\"1023\" alt=\"Kind malt farbliche Strassenraumgestaltung\" class=\"wp-block-jetpack-slideshow_image wp-image-527\" data-id=\"527\" data-aspect-ratio=\"1536 \/ 1023\" src=\"https:\/\/schulwegsicherheit.ch\/sws\/wp-content\/uploads\/2025\/12\/5_Schulwegsicherheit-Blindenmoos_Malaktion-1536x1023-1.jpg\" srcset=\"https:\/\/schulwegsicherheit.ch\/sws\/wp-content\/uploads\/2025\/12\/5_Schulwegsicherheit-Blindenmoos_Malaktion-1536x1023-1.jpg 1536w, https:\/\/schulwegsicherheit.ch\/sws\/wp-content\/uploads\/2025\/12\/5_Schulwegsicherheit-Blindenmoos_Malaktion-1536x1023-1-300x200.jpg 300w, https:\/\/schulwegsicherheit.ch\/sws\/wp-content\/uploads\/2025\/12\/5_Schulwegsicherheit-Blindenmoos_Malaktion-1536x1023-1-1024x682.jpg 1024w, https:\/\/schulwegsicherheit.ch\/sws\/wp-content\/uploads\/2025\/12\/5_Schulwegsicherheit-Blindenmoos_Malaktion-1536x1023-1-768x512.jpg 768w\" sizes=\"(max-width: 1536px) 100vw, 1536px\" \/><\/figure><\/li><li class=\"wp-block-jetpack-slideshow_slide swiper-slide\"><figure><img loading=\"lazy\" decoding=\"async\" width=\"1491\" height=\"988\" alt=\"Strassenmarkierung \u00abKiss &amp; Ride\u00bb f\u00fcr Elterntaxi\" class=\"wp-block-jetpack-slideshow_image wp-image-648\" data-id=\"648\" data-aspect-ratio=\"1491 \/ 988\" src=\"https:\/\/schulwegsicherheit.ch\/sws\/wp-content\/uploads\/2025\/12\/Bild04-1.jpg\" srcset=\"https:\/\/schulwegsicherheit.ch\/sws\/wp-content\/uploads\/2025\/12\/Bild04-1.jpg 1491w, https:\/\/schulwegsicherheit.ch\/sws\/wp-content\/uploads\/2025\/12\/Bild04-1-300x199.jpg 300w, https:\/\/schulwegsicherheit.ch\/sws\/wp-content\/uploads\/2025\/12\/Bild04-1-1024x679.jpg 1024w, https:\/\/schulwegsicherheit.ch\/sws\/wp-content\/uploads\/2025\/12\/Bild04-1-768x509.jpg 768w\" sizes=\"(max-width: 1491px) 100vw, 1491px\" \/><\/figure><\/li><li class=\"wp-block-jetpack-slideshow_slide swiper-slide\"><figure><img loading=\"lazy\" decoding=\"async\" width=\"1536\" height=\"1034\" alt=\"Massnahmen zur Verkehrsreduktion, Lenkung und Sensibilisierung im Schulumfeld\" class=\"wp-block-jetpack-slideshow_image wp-image-526\" data-id=\"526\" data-aspect-ratio=\"1536 \/ 1034\" src=\"https:\/\/schulwegsicherheit.ch\/sws\/wp-content\/uploads\/2025\/12\/3_SCREENSHOT-1536x1034-1.jpg\" srcset=\"https:\/\/schulwegsicherheit.ch\/sws\/wp-content\/uploads\/2025\/12\/3_SCREENSHOT-1536x1034-1.jpg 1536w, https:\/\/schulwegsicherheit.ch\/sws\/wp-content\/uploads\/2025\/12\/3_SCREENSHOT-1536x1034-1-300x202.jpg 300w, https:\/\/schulwegsicherheit.ch\/sws\/wp-content\/uploads\/2025\/12\/3_SCREENSHOT-1536x1034-1-1024x689.jpg 1024w, https:\/\/schulwegsicherheit.ch\/sws\/wp-content\/uploads\/2025\/12\/3_SCREENSHOT-1536x1034-1-768x517.jpg 768w\" sizes=\"(max-width: 1536px) 100vw, 1536px\" \/><\/figure><\/li><\/ul><a class=\"wp-block-jetpack-slideshow_button-prev swiper-button-prev swiper-button-white\" role=\"button\"><\/a><a class=\"wp-block-jetpack-slideshow_button-next swiper-button-next swiper-button-white\" role=\"button\"><\/a><a aria-label=\"Pause Slideshow\" class=\"wp-block-jetpack-slideshow_button-pause\" role=\"button\"><\/a><div class=\"wp-block-jetpack-slideshow_pagination swiper-pagination swiper-pagination-white\"><\/div><\/div><\/div>\n\n\n\n<div style=\"height:0.5vw\" aria-hidden=\"true\" class=\"wp-block-spacer\"><\/div>\n\n\n\n<div class=\"wp-block-group has-global-padding is-content-justification-left is-layout-constrained wp-container-core-group-is-layout-12dd3699 wp-block-group-is-layout-constrained\">\n<div class=\"wp-block-columns are-vertically-aligned-top is-layout-flex wp-container-core-columns-is-layout-e0e4babd wp-block-columns-is-layout-flex\" style=\"padding-right:0;padding-left:0\">\n<div class=\"wp-block-column is-vertically-aligned-top is-layout-flow wp-block-column-is-layout-flow\" style=\"padding-bottom:var(--wp--preset--spacing--30);font-size:clamp(0.984rem, 0.984rem + ((1vw - 0.2rem) * 0.645), 1.5rem);font-style:normal;font-weight:600;flex-basis:30%\">\n<div class=\"wp-block-columns is-layout-flex wp-container-core-columns-is-layout-28f84493 wp-block-columns-is-layout-flex\">\n<div class=\"wp-block-column is-layout-flow wp-block-column-is-layout-flow\">\n<p class=\"has-small-font-size\">Ort<\/p>\n\n\n\n<p class=\"has-large-font-size\" style=\"font-style:normal;font-weight:400\">K\u00f6niz<\/p>\n<\/div>\n<\/div>\n<\/div>\n\n\n\n<div class=\"wp-block-column is-layout-flow wp-block-column-is-layout-flow\" style=\"flex-basis:2.5%\"><\/div>\n\n\n\n<div class=\"wp-block-column is-vertically-aligned-top is-layout-flow wp-block-column-is-layout-flow\" style=\"padding-bottom:var(--wp--preset--spacing--30);font-size:clamp(0.984rem, 0.984rem + ((1vw - 0.2rem) * 0.645), 1.5rem);font-style:normal;font-weight:600;flex-basis:35%\">\n<p class=\"has-small-font-size\">Auftraggeber<\/p>\n\n\n\n<p class=\"has-large-font-size\" style=\"font-style:normal;font-weight:400\">Gemeinde K\u00f6niz<\/p>\n<\/div>\n\n\n\n<div class=\"wp-block-column is-layout-flow wp-block-column-is-layout-flow\" style=\"flex-basis:2.5%\"><\/div>\n\n\n\n<div class=\"wp-block-column is-vertically-aligned-top is-layout-flow wp-block-column-is-layout-flow\" style=\"font-size:clamp(0.984rem, 0.984rem + ((1vw - 0.2rem) * 0.645), 1.5rem);font-style:normal;font-weight:600;flex-basis:30%\">\n<p class=\"has-small-font-size\">Jahr<\/p>\n\n\n\n<p class=\"has-large-font-size\" style=\"font-style:normal;font-weight:400\">2023\u20132025<\/p>\n<\/div>\n<\/div>\n<\/div>\n<\/div>\n<\/div>\n\n\n\n<div class=\"wp-block-column is-layout-flow wp-block-column-is-layout-flow\" style=\"border-top-width:1px;border-right-width:1px\"><\/div>\n\n\n\n<div class=\"wp-block-column is-layout-flow wp-block-column-is-layout-flow\" style=\"padding-top:var(--wp--preset--spacing--30);padding-right:var(--wp--preset--spacing--30);padding-bottom:var(--wp--preset--spacing--30);padding-left:var(--wp--preset--spacing--30);flex-basis:40vw\">\n<p class=\"has-large-font-size\" style=\"font-style:normal;font-weight:600\">Elterntaxis \u2013 ein Thema das polarisiert<\/p>\n\n\n\n<div style=\"height:0.75rem\" aria-hidden=\"true\" class=\"wp-block-spacer\"><\/div>\n\n\n\n<p class=\"has-large-font-size\" style=\"font-style:normal;font-weight:400\">Die Schule Blindenmoos m\u00f6chte den Schulweg ihrer Kinder sicherer machen. Der Raum rund um das Areal soll sie dazu ermuntern, zu Fuss zu kommen \u2013 und den Bring- und Holdienst der Eltern, die sogenannten&nbsp;<strong>Elterntaxis<\/strong>, in einen vertr\u00e4glichen Rahmen lenken.<\/p>\n\n\n\n<div style=\"height:0.75rem\" aria-hidden=\"true\" class=\"wp-block-spacer\"><\/div>\n\n\n\n<p class=\"has-large-font-size\" style=\"font-style:normal;font-weight:400\">Der von Metron ausgearbeitete Weg zu einer auto\u00e4rmeren Schulumgebung verl\u00e4uft zweispurig: Zum einen ist in der Schwandenhubelstrasse nur noch Zubringerdienst gestattet.&nbsp;<strong>Elterntaxis sind explizit ausgeschlossen<\/strong>&nbsp;und Halten ist verboten. Doch Eltern werden ihre Kinder weiterhin mit dem Auto zur Schule bringen. Deshalb gibt es zum anderen zwei&nbsp;<strong>Kiss &amp; Ride-Pl\u00e4tze<\/strong>&nbsp;in der Gaselstrasse. Das gezielte Angebot soll verhindern, dass sich der Elterntaxidienst ins Quartier verlagert.<\/p>\n\n\n\n<div style=\"height:0.75rem\" aria-hidden=\"true\" class=\"wp-block-spacer\"><\/div>\n\n\n\n<p class=\"has-large-font-size\" style=\"font-style:normal;font-weight:400\">Die verkehrlichen Massnahmen erg\u00e4nzen intensive <strong>Sensibilisierungsmassnahmen<\/strong>&nbsp;der Gemeinde und der Schule. Sie selbst war eng in den Prozess, der zur neuen Verkehrsregelung gef\u00fchrt hat, involviert. Und auch die Sch\u00fclerinnen und Sch\u00fcler waren dabei. Gemeinsam haben sie die Zufahrt zu ihrer Schule bemalt, um deutlich zu machen:&nbsp;<strong>Hier bewegen wir uns!<\/strong><\/p>\n\n\n\n<div style=\"height:0.75rem\" aria-hidden=\"true\" class=\"wp-block-spacer\"><\/div>\n\n\n\n<p class=\"has-large-font-size\" style=\"font-style:normal;font-weight:400\">W\u00e4hrend Details der jeweiligen Situation angepasst werden m\u00fcssen, ist das einfache&nbsp;<strong>Prinzip einer Angebots- und einer Verbotsachse<\/strong>&nbsp;gut \u00fcbertragbar. Nachdem es sich im Blindenmoos bew\u00e4hrt hat, kann K\u00f6niz es auch bei anderen Schulh\u00e4usern anwenden. Die farbenfrohe Gestaltung schafft einen Wiedererkennungswert und unterst\u00fctzt damit das zentrale Ziel: mehr Schulwegsicherheit.<\/p>\n<\/div>\n\n\n\n<div class=\"wp-block-column has-base-2-background-color has-background is-layout-flow wp-block-column-is-layout-flow\" style=\"flex-basis:10vw\"><\/div>\n<\/div>\n<\/div>\n\n\n\n<div class=\"wp-block-group alignwide has-global-padding is-layout-constrained wp-container-core-group-is-layout-01870354 wp-block-group-is-layout-constrained\" style=\"padding-top:var(--wp--preset--spacing--10);padding-right:var(--wp--preset--spacing--10);padding-bottom:var(--wp--preset--spacing--10);padding-left:var(--wp--preset--spacing--10)\">\n<div class=\"wp-block-columns is-not-stacked-on-mobile is-layout-flex wp-container-core-columns-is-layout-e0e4babd wp-block-columns-is-layout-flex\" style=\"padding-right:0;padding-left:0\">\n<div class=\"wp-block-column is-layout-flow wp-block-column-is-layout-flow\" style=\"flex-basis:50%\">\n<p class=\"has-large-font-size\"><a href=\"https:\/\/schulwegsicherheit.ch\/sws\/index.php\/verkehrliche-ermittlung-einzugsgebiete-schulstandorte\/\" data-type=\"page\" data-id=\"412\">\u2190 Verkehrliche Ermittlung Einzugsgebiete Schulstandorte<\/a><\/p>\n<\/div>\n\n\n\n<div class=\"wp-block-column is-layout-flow wp-block-column-is-layout-flow\" style=\"flex-basis:50%\">\n<p class=\"has-text-align-right has-large-font-size\"><a href=\"https:\/\/schulwegsicherheit.ch\/sws\/index.php\/monitoring-schulwegsicherheit\/\" data-type=\"page\" data-id=\"659\">Monitoring Schulwegsicherheit \u2192<\/a><\/p>\n<\/div>\n<\/div>\n<\/div>\n","protected":false},"excerpt":{"rendered":"<p>Verkehrslenkung \/ Elterntaxi Reduktion und Lenkung von Elterntaxis in K\u00f6niz Ort K\u00f6niz Auftraggeber Gemeinde K\u00f6niz Jahr 2023\u20132025 Elterntaxis \u2013 ein Thema das polarisiert Die Schule Blindenmoos m\u00f6chte den Schulweg ihrer Kinder sicherer machen. Der Raum rund um das Areal soll sie dazu ermuntern, zu Fuss zu kommen \u2013 und den Bring- und Holdienst der Eltern, [&hellip;]<\/p>\n","protected":false},"author":2,"featured_media":0,"parent":0,"menu_order":0,"comment_status":"closed","ping_status":"closed","template":"","meta":{"footnotes":""},"class_list":["post-522","page","type-page","status-publish","hentry"],"jetpack_sharing_enabled":true,"_links":{"self":[{"href":"https:\/\/schulwegsicherheit.ch\/sws\/index.php\/wp-json\/wp\/v2\/pages\/522","targetHints":{"allow":["GET"]}}],"collection":[{"href":"https:\/\/schulwegsicherheit.ch\/sws\/index.php\/wp-json\/wp\/v2\/pages"}],"about":[{"href":"https:\/\/schulwegsicherheit.ch\/sws\/index.php\/wp-json\/wp\/v2\/types\/page"}],"author":[{"embeddable":true,"href":"https:\/\/schulwegsicherheit.ch\/sws\/index.php\/wp-json\/wp\/v2\/users\/2"}],"replies":[{"embeddable":true,"href":"https:\/\/schulwegsicherheit.ch\/sws\/index.php\/wp-json\/wp\/v2\/comments?post=522"}],"version-history":[{"count":33,"href":"https:\/\/schulwegsicherheit.ch\/sws\/index.php\/wp-json\/wp\/v2\/pages\/522\/revisions"}],"predecessor-version":[{"id":957,"href":"https:\/\/schulwegsicherheit.ch\/sws\/index.php\/wp-json\/wp\/v2\/pages\/522\/revisions\/957"}],"wp:attachment":[{"href":"https:\/\/schulwegsicherheit.ch\/sws\/index.php\/wp-json\/wp\/v2\/media?parent=522"}],"curies":[{"name":"wp","href":"https:\/\/api.w.org\/{rel}","templated":true}]}}