{"id":518,"date":"2025-12-10T15:18:23","date_gmt":"2025-12-10T15:18:23","guid":{"rendered":"https:\/\/schulwegsicherheit.ch\/sws\/?page_id=518"},"modified":"2026-01-08T13:24:57","modified_gmt":"2026-01-08T13:24:57","slug":"planung-massnahmen-schulwegsicherheit","status":"publish","type":"page","link":"https:\/\/schulwegsicherheit.ch\/sws\/index.php\/planung-massnahmen-schulwegsicherheit\/","title":{"rendered":"Planung Massnahmen Schulwegsicherheit"},"content":{"rendered":"\n<div class=\"wp-block-group alignfull has-global-padding is-layout-constrained wp-block-group-is-layout-constrained\">\n<div class=\"wp-block-columns alignfull is-layout-flex wp-container-core-columns-is-layout-cf9dd0f5 wp-block-columns-is-layout-flex\" style=\"border-top-style:none;border-top-width:0rem;border-bottom-width:1px;margin-top:0;margin-bottom:0;padding-top:0;padding-right:0;padding-bottom:0;padding-left:0\">\n<div class=\"wp-block-column has-background is-layout-flow wp-block-column-is-layout-flow\" style=\"background-color:#bbbae3;flex-basis:10vw\"><\/div>\n\n\n\n<div class=\"wp-block-column has-background is-layout-flow wp-container-core-column-is-layout-24419d1c wp-block-column-is-layout-flow\" style=\"background-color:#bbbae3;padding-top:var(--wp--preset--spacing--30);padding-right:var(--wp--preset--spacing--30);padding-bottom:var(--wp--preset--spacing--30);padding-left:var(--wp--preset--spacing--30);flex-basis:40vw\">\n<div class=\"wp-block-group has-global-padding is-layout-constrained wp-block-group-is-layout-constrained\" style=\"margin-top:0;margin-bottom:0;padding-top:0;padding-bottom:0\">\n<h1 class=\"wp-block-heading has-text-align-left is-style-default has-georgia-font-family has-xx-large-font-size\">Planung Massnahmen Schulwegsicherheit<\/h1>\n\n\n\n<div style=\"height:3vh\" aria-hidden=\"true\" class=\"wp-block-spacer\"><\/div>\n\n\n\n<h1 class=\"wp-block-heading has-text-align-left is-style-default has-ab-baldingerpro-font-family has-x-large-font-size\" style=\"font-style:normal;font-weight:700\">Verkehrssicherheitskonzept f\u00fcr Neerach<\/h1>\n\n\n\n<div style=\"height:2vh\" aria-hidden=\"true\" class=\"wp-block-spacer\"><\/div>\n\n\n\n<div class=\"wp-block-jetpack-slideshow\" data-effect=\"slide\" style=\"--aspect-ratio:calc(2560 \/ 1920)\"><div class=\"wp-block-jetpack-slideshow_container swiper\"><ul class=\"wp-block-jetpack-slideshow_swiper-wrapper swiper-wrapper\"><li class=\"wp-block-jetpack-slideshow_slide swiper-slide\"><figure><img loading=\"lazy\" decoding=\"async\" width=\"2560\" height=\"1920\" alt=\"Auto versperrt Schulkindern den Weg auf dem Trottoir\" class=\"wp-block-jetpack-slideshow_image wp-image-656\" data-id=\"656\" data-aspect-ratio=\"2560 \/ 1920\" src=\"https:\/\/schulwegsicherheit.ch\/sws\/wp-content\/uploads\/2025\/12\/Bild02-2-scaled.jpg\" srcset=\"https:\/\/schulwegsicherheit.ch\/sws\/wp-content\/uploads\/2025\/12\/Bild02-2-scaled.jpg 2560w, https:\/\/schulwegsicherheit.ch\/sws\/wp-content\/uploads\/2025\/12\/Bild02-2-300x225.jpg 300w, https:\/\/schulwegsicherheit.ch\/sws\/wp-content\/uploads\/2025\/12\/Bild02-2-1024x768.jpg 1024w, https:\/\/schulwegsicherheit.ch\/sws\/wp-content\/uploads\/2025\/12\/Bild02-2-768x576.jpg 768w, https:\/\/schulwegsicherheit.ch\/sws\/wp-content\/uploads\/2025\/12\/Bild02-2-1536x1152.jpg 1536w, https:\/\/schulwegsicherheit.ch\/sws\/wp-content\/uploads\/2025\/12\/Bild02-2-2048x1536.jpg 2048w\" sizes=\"(max-width: 2560px) 100vw, 2560px\" \/><\/figure><\/li><li class=\"wp-block-jetpack-slideshow_slide swiper-slide\"><figure><img loading=\"lazy\" decoding=\"async\" width=\"2560\" height=\"1809\" alt=\"\u00dcbersicht Schwachstellenanalyse Neerach\" class=\"wp-block-jetpack-slideshow_image wp-image-520\" data-id=\"520\" data-aspect-ratio=\"2560 \/ 1809\" src=\"https:\/\/schulwegsicherheit.ch\/sws\/wp-content\/uploads\/2025\/12\/Schwachstellenanalyse_Neerach-1-scaled.jpg\" srcset=\"https:\/\/schulwegsicherheit.ch\/sws\/wp-content\/uploads\/2025\/12\/Schwachstellenanalyse_Neerach-1-scaled.jpg 2560w, https:\/\/schulwegsicherheit.ch\/sws\/wp-content\/uploads\/2025\/12\/Schwachstellenanalyse_Neerach-1-300x212.jpg 300w, https:\/\/schulwegsicherheit.ch\/sws\/wp-content\/uploads\/2025\/12\/Schwachstellenanalyse_Neerach-1-1024x724.jpg 1024w, https:\/\/schulwegsicherheit.ch\/sws\/wp-content\/uploads\/2025\/12\/Schwachstellenanalyse_Neerach-1-768x543.jpg 768w, https:\/\/schulwegsicherheit.ch\/sws\/wp-content\/uploads\/2025\/12\/Schwachstellenanalyse_Neerach-1-1536x1085.jpg 1536w, https:\/\/schulwegsicherheit.ch\/sws\/wp-content\/uploads\/2025\/12\/Schwachstellenanalyse_Neerach-1-2048x1447.jpg 2048w\" sizes=\"(max-width: 2560px) 100vw, 2560px\" \/><\/figure><\/li><\/ul><a class=\"wp-block-jetpack-slideshow_button-prev swiper-button-prev swiper-button-white\" role=\"button\"><\/a><a class=\"wp-block-jetpack-slideshow_button-next swiper-button-next swiper-button-white\" role=\"button\"><\/a><a aria-label=\"Pause Slideshow\" class=\"wp-block-jetpack-slideshow_button-pause\" role=\"button\"><\/a><div class=\"wp-block-jetpack-slideshow_pagination swiper-pagination swiper-pagination-white\"><\/div><\/div><\/div>\n\n\n\n<div style=\"height:0.5vw\" aria-hidden=\"true\" class=\"wp-block-spacer\"><\/div>\n\n\n\n<div class=\"wp-block-group has-global-padding is-content-justification-left is-layout-constrained wp-container-core-group-is-layout-12dd3699 wp-block-group-is-layout-constrained\">\n<div class=\"wp-block-columns are-vertically-aligned-top is-not-stacked-on-mobile is-layout-flex wp-container-core-columns-is-layout-e0e4babd wp-block-columns-is-layout-flex\" style=\"padding-right:0;padding-left:0\">\n<div class=\"wp-block-column is-vertically-aligned-top is-layout-flow wp-block-column-is-layout-flow\" style=\"padding-bottom:var(--wp--preset--spacing--20);font-size:clamp(0.984rem, 0.984rem + ((1vw - 0.2rem) * 0.645), 1.5rem);font-style:normal;font-weight:600;flex-basis:30%\">\n<div class=\"wp-block-columns is-layout-flex wp-container-core-columns-is-layout-28f84493 wp-block-columns-is-layout-flex\">\n<div class=\"wp-block-column is-layout-flow wp-block-column-is-layout-flow\">\n<p class=\"has-small-font-size\" style=\"font-style:normal;font-weight:400\">Ort<\/p>\n\n\n\n<p class=\"has-large-font-size\" style=\"font-style:normal;font-weight:400\">Neerach<\/p>\n<\/div>\n<\/div>\n<\/div>\n\n\n\n<div class=\"wp-block-column is-layout-flow wp-block-column-is-layout-flow\" style=\"flex-basis:2.5%\"><\/div>\n\n\n\n<div class=\"wp-block-column is-vertically-aligned-top is-layout-flow wp-block-column-is-layout-flow\" style=\"padding-bottom:var(--wp--preset--spacing--20);font-size:clamp(0.984rem, 0.984rem + ((1vw - 0.2rem) * 0.645), 1.5rem);font-style:normal;font-weight:600;flex-basis:35%\">\n<p class=\"has-small-font-size\" style=\"font-style:normal;font-weight:400\">Auftraggeber<\/p>\n\n\n\n<p class=\"has-large-font-size\" style=\"font-style:normal;font-weight:400\">Gemeinde Neerach<\/p>\n<\/div>\n\n\n\n<div class=\"wp-block-column is-layout-flow wp-block-column-is-layout-flow\" style=\"flex-basis:2.5%\"><\/div>\n\n\n\n<div class=\"wp-block-column is-vertically-aligned-top is-layout-flow wp-block-column-is-layout-flow\" style=\"font-size:clamp(0.984rem, 0.984rem + ((1vw - 0.2rem) * 0.645), 1.5rem);font-style:normal;font-weight:600;flex-basis:30%\">\n<p class=\"has-small-font-size\" style=\"font-style:normal;font-weight:400\">Jahr<\/p>\n\n\n\n<p class=\"has-large-font-size\" style=\"font-style:normal;font-weight:400\">2019<\/p>\n<\/div>\n<\/div>\n<\/div>\n<\/div>\n<\/div>\n\n\n\n<div class=\"wp-block-column is-layout-flow wp-block-column-is-layout-flow\" style=\"border-top-width:1px;border-right-width:1px\"><\/div>\n\n\n\n<div class=\"wp-block-column is-layout-flow wp-block-column-is-layout-flow\" style=\"padding-top:var(--wp--preset--spacing--30);padding-right:var(--wp--preset--spacing--30);padding-bottom:var(--wp--preset--spacing--30);padding-left:var(--wp--preset--spacing--30);flex-basis:40vw\">\n<p class=\"has-large-font-size\" style=\"font-style:normal;font-weight:400\"><strong>Mit Augenmass zu zielgerichteten Massnahmen<\/strong><\/p>\n\n\n\n<div style=\"height:0.75rem\" aria-hidden=\"true\" class=\"wp-block-spacer\"><\/div>\n\n\n\n<p class=\"has-large-font-size\" style=\"font-style:normal;font-weight:400\">Die Gemeinde Neerach wollte ihr Strassennetz gezielt sicherer machen. Mehrere bekannte Schwachstellen, zwei <strong>Unfallschwerpunkte<\/strong>&nbsp;auf dem Staatsstrassennetz und Konflikte im Schulumfeld gaben den Anstoss.&nbsp;<strong>Hohe <\/strong>gefahrene <strong>Geschwindigkeiten<\/strong>, Elterntaxis und wild parkierte Autos versch\u00e4rften die Situation. Auf der Juchstrasse forderten Anwohnende zus\u00e4tzliche Massnahmen, nachdem ein Auto ein Velo in einer Kurve erfasste. Die Gemeinde suchte deshalb eine fundierte Analyse, die alle Verkehrsmittel ber\u00fccksichtigt und f\u00fcr die <strong>wichtigsten Probleme<\/strong>&nbsp;konkrete <strong>Massnahmen<\/strong> aufzeigt.<\/p>\n\n\n\n<div style=\"height:0.75rem\" aria-hidden=\"true\" class=\"wp-block-spacer\"><\/div>\n\n\n\n<p class=\"has-large-font-size\" style=\"font-style:normal;font-weight:400\"><strong>Metron<\/strong>&nbsp;hat das gesamte Siedlungsgebiet <strong>systematisch<\/strong> auf&nbsp;<strong>Schwachstellen<\/strong>&nbsp;untersucht. Diese Arbeit hat vier zentrale Handlungsfelder hervorgebracht: Schulwegsicherheit, Einm\u00fcndungen von Fusswegen, Verkehrsberuhigung auf Quartierstrassen und Herausforderungen auf Kantonsstrassen.<\/p>\n\n\n\n<div style=\"height:0.75rem\" aria-hidden=\"true\" class=\"wp-block-spacer\"><\/div>\n\n\n\n<p class=\"has-large-font-size\" style=\"font-style:normal;font-weight:400\">Auf dieser Basis hat Metron&nbsp;<strong>einfach umsetzbare Massnahmen entwickelt<\/strong>. <strong>Provisorische Einengungen<\/strong>&nbsp;mit verschraubbaren Elementen verbessern zum Beispiel die Sichtweiten bei Fusswegeinm\u00fcndungen deutlich. Die Einf\u00fchrung von&nbsp;<strong>Rechtsvortritt<\/strong>&nbsp;in Quartierstrassen l\u00e4sst sich ohne bauliche Anpassungen umsetzen und tr\u00e4gt massgeblich zu einer Beruhigung des Verkehrs bei. Solche&nbsp;<strong>pragmatischen Eingriffe<\/strong>&nbsp;erm\u00f6glichen&nbsp;<strong>schnelle Verbesserungen<\/strong>&nbsp;und schaffen Sicherheit, ohne grosse Umbauten auszul\u00f6sen.<\/p>\n\n\n\n<div style=\"height:0.75rem\" aria-hidden=\"true\" class=\"wp-block-spacer\"><\/div>\n\n\n\n<p class=\"has-large-font-size\" style=\"font-style:normal;font-weight:400\">Die Gemeinde profitiert nun von einer klaren Grundlage f\u00fcr die weitere Planung. Sie&nbsp;<strong>kennt<\/strong>&nbsp;die wichtigsten <strong>Schwachstellen<\/strong>, weiss, wo sie mit hoher Wirkung ansetzen kann, und&nbsp;<strong>steuert<\/strong>&nbsp;die n\u00e4chsten Schritte&nbsp;<strong>mit Augenmass<\/strong>. So st\u00e4rkt Neerach die Verkehrssicherheit nachhaltig und h\u00e4lt den Aufwand gleichzeitig \u00fcberschaubar.<\/p>\n<\/div>\n\n\n\n<div class=\"wp-block-column has-base-2-background-color has-background is-layout-flow wp-block-column-is-layout-flow\" style=\"flex-basis:10vw\"><\/div>\n<\/div>\n<\/div>\n\n\n\n<div class=\"wp-block-group alignwide has-global-padding is-layout-constrained wp-container-core-group-is-layout-01870354 wp-block-group-is-layout-constrained\" style=\"padding-top:var(--wp--preset--spacing--10);padding-right:var(--wp--preset--spacing--10);padding-bottom:var(--wp--preset--spacing--10);padding-left:var(--wp--preset--spacing--10)\">\n<div class=\"wp-block-columns is-not-stacked-on-mobile is-layout-flex wp-container-core-columns-is-layout-e0e4babd wp-block-columns-is-layout-flex\" style=\"padding-right:0;padding-left:0\">\n<div class=\"wp-block-column is-layout-flow wp-block-column-is-layout-flow\" style=\"flex-basis:50%\">\n<p class=\"has-large-font-size\"><a href=\"https:\/\/schulwegsicherheit.ch\/sws\/index.php\/monitoring-schulwegsicherheit\/\" data-type=\"page\" data-id=\"659\">\u2190 Monitoring Schulwegsicherheit<\/a><\/p>\n<\/div>\n\n\n\n<div class=\"wp-block-column is-layout-flow wp-block-column-is-layout-flow\" style=\"flex-basis:50%\">\n<p class=\"has-text-align-right has-large-font-size\"><a href=\"https:\/\/schulwegsicherheit.ch\/sws\/index.php\/schultransport\/\" data-type=\"page\" data-id=\"626\">Schultransport \u2192<\/a><\/p>\n<\/div>\n<\/div>\n<\/div>\n","protected":false},"excerpt":{"rendered":"<p>Planung Massnahmen Schulwegsicherheit Verkehrssicherheitskonzept f\u00fcr Neerach Ort Neerach Auftraggeber Gemeinde Neerach Jahr 2019 Mit Augenmass zu zielgerichteten Massnahmen Die Gemeinde Neerach wollte ihr Strassennetz gezielt sicherer machen. Mehrere bekannte Schwachstellen, zwei Unfallschwerpunkte&nbsp;auf dem Staatsstrassennetz und Konflikte im Schulumfeld gaben den Anstoss.&nbsp;Hohe gefahrene Geschwindigkeiten, Elterntaxis und wild parkierte Autos versch\u00e4rften die Situation. Auf der Juchstrasse forderten [&hellip;]<\/p>\n","protected":false},"author":2,"featured_media":0,"parent":0,"menu_order":0,"comment_status":"closed","ping_status":"closed","template":"","meta":{"footnotes":""},"class_list":["post-518","page","type-page","status-publish","hentry"],"jetpack_sharing_enabled":true,"_links":{"self":[{"href":"https:\/\/schulwegsicherheit.ch\/sws\/index.php\/wp-json\/wp\/v2\/pages\/518","targetHints":{"allow":["GET"]}}],"collection":[{"href":"https:\/\/schulwegsicherheit.ch\/sws\/index.php\/wp-json\/wp\/v2\/pages"}],"about":[{"href":"https:\/\/schulwegsicherheit.ch\/sws\/index.php\/wp-json\/wp\/v2\/types\/page"}],"author":[{"embeddable":true,"href":"https:\/\/schulwegsicherheit.ch\/sws\/index.php\/wp-json\/wp\/v2\/users\/2"}],"replies":[{"embeddable":true,"href":"https:\/\/schulwegsicherheit.ch\/sws\/index.php\/wp-json\/wp\/v2\/comments?post=518"}],"version-history":[{"count":26,"href":"https:\/\/schulwegsicherheit.ch\/sws\/index.php\/wp-json\/wp\/v2\/pages\/518\/revisions"}],"predecessor-version":[{"id":981,"href":"https:\/\/schulwegsicherheit.ch\/sws\/index.php\/wp-json\/wp\/v2\/pages\/518\/revisions\/981"}],"wp:attachment":[{"href":"https:\/\/schulwegsicherheit.ch\/sws\/index.php\/wp-json\/wp\/v2\/media?parent=518"}],"curies":[{"name":"wp","href":"https:\/\/api.w.org\/{rel}","templated":true}]}}