{"id":412,"date":"2025-12-09T15:37:09","date_gmt":"2025-12-09T15:37:09","guid":{"rendered":"https:\/\/schulwegsicherheit.ch\/sws\/?page_id=412"},"modified":"2026-01-08T12:48:11","modified_gmt":"2026-01-08T12:48:11","slug":"verkehrliche-ermittlung-einzugsgebiete-schulstandorte","status":"publish","type":"page","link":"https:\/\/schulwegsicherheit.ch\/sws\/index.php\/verkehrliche-ermittlung-einzugsgebiete-schulstandorte\/","title":{"rendered":"Verkehrliche Ermittlung Einzugsgebiete Schulstandorte"},"content":{"rendered":"\n<div class=\"wp-block-columns alignfull is-layout-flex wp-container-core-columns-is-layout-cf9dd0f5 wp-block-columns-is-layout-flex\" style=\"border-top-style:none;border-top-width:0rem;border-bottom-width:1px;margin-top:0;margin-bottom:0;padding-top:0;padding-right:0;padding-bottom:0;padding-left:0\">\n<div class=\"wp-block-column has-background is-layout-flow wp-block-column-is-layout-flow\" style=\"background-color:#bac7e3;flex-basis:10vw\"><\/div>\n\n\n\n<div class=\"wp-block-column has-background is-layout-flow wp-container-core-column-is-layout-24419d1c wp-block-column-is-layout-flow\" style=\"background-color:#bac7e3;padding-top:var(--wp--preset--spacing--30);padding-right:var(--wp--preset--spacing--30);padding-bottom:var(--wp--preset--spacing--30);padding-left:var(--wp--preset--spacing--30);flex-basis:40vw\">\n<div class=\"wp-block-group has-global-padding is-layout-constrained wp-block-group-is-layout-constrained\" style=\"margin-top:0;margin-bottom:0;padding-top:0;padding-bottom:0\">\n<h1 class=\"wp-block-heading has-text-align-left is-style-default has-georgia-font-family has-xx-large-font-size\">Verkehrliche Ermittlung Einzugsgebiete Schulstandorte<\/h1>\n\n\n\n<div style=\"height:3vh\" aria-hidden=\"true\" class=\"wp-block-spacer\"><\/div>\n\n\n\n<h1 class=\"wp-block-heading has-text-align-left is-style-default has-ab-baldingerpro-font-family has-x-large-font-size\" style=\"font-style:normal;font-weight:700\">Einzugsgebiete Kindergartenstandorte Turgi aus verkehrlicher Sicht<\/h1>\n\n\n\n<div style=\"height:2vh\" aria-hidden=\"true\" class=\"wp-block-spacer\"><\/div>\n\n\n\n<div class=\"wp-block-jetpack-slideshow\" data-effect=\"slide\" style=\"--aspect-ratio:calc(1529 \/ 1146)\"><div class=\"wp-block-jetpack-slideshow_container swiper\"><ul class=\"wp-block-jetpack-slideshow_swiper-wrapper swiper-wrapper\"><li class=\"wp-block-jetpack-slideshow_slide swiper-slide\"><figure><img loading=\"lazy\" decoding=\"async\" width=\"1529\" height=\"1146\" alt=\"Fussg\u00e4ngerstreifen Gehling\" class=\"wp-block-jetpack-slideshow_image wp-image-435\" data-id=\"435\" data-aspect-ratio=\"1529 \/ 1146\" src=\"https:\/\/schulwegsicherheit.ch\/sws\/wp-content\/uploads\/2025\/12\/Fussgaengerstreifen_Gehling_nur_mit_Lotensdient_zumutbar.jpg\" srcset=\"https:\/\/schulwegsicherheit.ch\/sws\/wp-content\/uploads\/2025\/12\/Fussgaengerstreifen_Gehling_nur_mit_Lotensdient_zumutbar.jpg 1529w, https:\/\/schulwegsicherheit.ch\/sws\/wp-content\/uploads\/2025\/12\/Fussgaengerstreifen_Gehling_nur_mit_Lotensdient_zumutbar-300x225.jpg 300w, https:\/\/schulwegsicherheit.ch\/sws\/wp-content\/uploads\/2025\/12\/Fussgaengerstreifen_Gehling_nur_mit_Lotensdient_zumutbar-1024x767.jpg 1024w, https:\/\/schulwegsicherheit.ch\/sws\/wp-content\/uploads\/2025\/12\/Fussgaengerstreifen_Gehling_nur_mit_Lotensdient_zumutbar-768x576.jpg 768w\" sizes=\"(max-width: 1529px) 100vw, 1529px\" \/><\/figure><\/li><li class=\"wp-block-jetpack-slideshow_slide swiper-slide\"><figure><img loading=\"lazy\" decoding=\"async\" width=\"2560\" height=\"1791\" alt=\"GIS-Karte zum Schulkreis und Kindergartenstandorte in Turgi\" class=\"wp-block-jetpack-slideshow_image wp-image-963\" data-id=\"963\" data-aspect-ratio=\"2560 \/ 1791\" src=\"https:\/\/schulwegsicherheit.ch\/sws\/wp-content\/uploads\/2026\/01\/Bild02-scaled.jpg\" srcset=\"https:\/\/schulwegsicherheit.ch\/sws\/wp-content\/uploads\/2026\/01\/Bild02-scaled.jpg 2560w, https:\/\/schulwegsicherheit.ch\/sws\/wp-content\/uploads\/2026\/01\/Bild02-300x210.jpg 300w, https:\/\/schulwegsicherheit.ch\/sws\/wp-content\/uploads\/2026\/01\/Bild02-1024x716.jpg 1024w, https:\/\/schulwegsicherheit.ch\/sws\/wp-content\/uploads\/2026\/01\/Bild02-768x537.jpg 768w, https:\/\/schulwegsicherheit.ch\/sws\/wp-content\/uploads\/2026\/01\/Bild02-1536x1075.jpg 1536w, https:\/\/schulwegsicherheit.ch\/sws\/wp-content\/uploads\/2026\/01\/Bild02-2048x1433.jpg 2048w\" sizes=\"(max-width: 2560px) 100vw, 2560px\" \/><\/figure><\/li><\/ul><a class=\"wp-block-jetpack-slideshow_button-prev swiper-button-prev swiper-button-white\" role=\"button\"><\/a><a class=\"wp-block-jetpack-slideshow_button-next swiper-button-next swiper-button-white\" role=\"button\"><\/a><a aria-label=\"Pause Slideshow\" class=\"wp-block-jetpack-slideshow_button-pause\" role=\"button\"><\/a><div class=\"wp-block-jetpack-slideshow_pagination swiper-pagination swiper-pagination-white\"><\/div><\/div><\/div>\n\n\n\n<div style=\"height:0.5vw\" aria-hidden=\"true\" class=\"wp-block-spacer\"><\/div>\n\n\n\n<div class=\"wp-block-group has-global-padding is-content-justification-left is-layout-constrained wp-container-core-group-is-layout-12dd3699 wp-block-group-is-layout-constrained\">\n<div class=\"wp-block-columns are-vertically-aligned-top is-not-stacked-on-mobile is-layout-flex wp-container-core-columns-is-layout-e0e4babd wp-block-columns-is-layout-flex\" style=\"padding-right:0;padding-left:0\">\n<div class=\"wp-block-column is-vertically-aligned-top is-layout-flow wp-block-column-is-layout-flow\" style=\"padding-bottom:var(--wp--preset--spacing--30);font-size:clamp(0.875rem, 0.875rem + ((1vw - 0.2rem) * 0.531), 1.3rem);font-style:normal;font-weight:600;flex-basis:30%\">\n<div class=\"wp-block-columns is-layout-flex wp-container-core-columns-is-layout-28f84493 wp-block-columns-is-layout-flex\">\n<div class=\"wp-block-column is-layout-flow wp-block-column-is-layout-flow\">\n<p class=\"has-small-font-size\" style=\"font-style:normal;font-weight:400\">Ort<\/p>\n\n\n\n<p class=\"has-large-font-size\" style=\"font-style:normal;font-weight:400\">Turgi<\/p>\n<\/div>\n<\/div>\n<\/div>\n\n\n\n<div class=\"wp-block-column is-layout-flow wp-block-column-is-layout-flow\" style=\"flex-basis:2.5%\"><\/div>\n\n\n\n<div class=\"wp-block-column is-vertically-aligned-top is-layout-flow wp-block-column-is-layout-flow\" style=\"padding-bottom:var(--wp--preset--spacing--30);font-size:clamp(0.875rem, 0.875rem + ((1vw - 0.2rem) * 0.531), 1.3rem);font-style:normal;font-weight:600;flex-basis:35%\">\n<p class=\"has-small-font-size\" style=\"font-style:normal;font-weight:400\">Auftraggeber<\/p>\n\n\n\n<p class=\"has-large-font-size\" style=\"font-style:normal;font-weight:400\">Stadt Baden<\/p>\n<\/div>\n\n\n\n<div class=\"wp-block-column is-layout-flow wp-block-column-is-layout-flow\" style=\"flex-basis:2.5%\"><\/div>\n\n\n\n<div class=\"wp-block-column is-vertically-aligned-top is-layout-flow wp-block-column-is-layout-flow\" style=\"font-size:clamp(0.875rem, 0.875rem + ((1vw - 0.2rem) * 0.531), 1.3rem);font-style:normal;font-weight:600;flex-basis:30%\">\n<p class=\"has-small-font-size\" style=\"font-style:normal;font-weight:400\">Jahr<\/p>\n\n\n\n<p class=\"has-large-font-size\" style=\"font-style:normal;font-weight:400\">2025<\/p>\n<\/div>\n<\/div>\n<\/div>\n<\/div>\n<\/div>\n\n\n\n<div class=\"wp-block-column is-layout-flow wp-block-column-is-layout-flow\" style=\"border-top-width:1px;border-right-width:1px\"><\/div>\n\n\n\n<div class=\"wp-block-column is-layout-flow wp-block-column-is-layout-flow\" style=\"padding-top:var(--wp--preset--spacing--30);padding-right:var(--wp--preset--spacing--30);padding-bottom:var(--wp--preset--spacing--30);padding-left:var(--wp--preset--spacing--30);flex-basis:40vw\">\n<p class=\"has-large-font-size\" style=\"font-style:normal;font-weight:400\"><strong>Wie werden die Einzugsgebiete von Kinderg\u00e4rten in Turgi aus verkehrlicher Sicht festgelegt?&nbsp;<\/strong><\/p>\n\n\n\n<div style=\"height:0.75rem\" aria-hidden=\"true\" class=\"wp-block-spacer\"><\/div>\n\n\n\n<p class=\"has-large-font-size\" style=\"font-style:normal;font-weight:400\">Heute f\u00fchrt die Volksschule der Stadt Baden im Quartier Turgi an den zwei Standorten Dorf und Allmend insgesamt drei Kinderg\u00e4rten. In den bestehenden <strong>Einzugsgebieten<\/strong>&nbsp;stellt sich die Frage, ob die heutigen Schulwege f\u00fcr Kinder im Kindergartenalter \u00fcberall zumutbar sind und wie die&nbsp;<strong>Kindergartenzuteilung<\/strong>&nbsp;optimal gestaltet werden kann.<\/p>\n\n\n\n<div style=\"height:0.75rem\" aria-hidden=\"true\" class=\"wp-block-spacer\"><\/div>\n\n\n\n<p class=\"has-large-font-size\">Im Rahmen der Schulraumplanung Turgi, welche die Metron Raumentwicklung AG erarbeitet hat, haben wir die Einzugsgebiete der Kindergartenstandorte aus verkehrlicher Sicht gepr\u00fcft.<\/p>\n\n\n\n<div style=\"height:0.75rem\" aria-hidden=\"true\" class=\"wp-block-spacer\"><\/div>\n\n\n\n<p class=\"has-large-font-size\">In einem ersten Schritt haben wir die wichtigsten Querungsstellen und L\u00e4ngsverbindungen vor Ort erfasst und sie hinsichtlich der&nbsp;<strong>Verkehrssicherheit und Zumutbarkeit<\/strong>&nbsp;f\u00fcr Kindergartenkinder beurteilt. Im zweiten Schritt berechneten wir mit einer GIS-Analyse die&nbsp;<strong>L\u00e4nge der Schulwege<\/strong>&nbsp;auf Basis der als sicher klassifizierten Wege.<\/p>\n\n\n\n<div style=\"height:0.75rem\" aria-hidden=\"true\" class=\"wp-block-spacer\"><\/div>\n\n\n\n<p class=\"has-large-font-size\" style=\"font-style:normal;font-weight:400\">In einem weiteren Schritt analysierten wir verschiedene&nbsp;<strong>Szenarien der Kindergartenzuteilung&nbsp;<\/strong>und verglichen deren Auswirkungen auf die Schulwegl\u00e4nge. Die daraus resultierenden GIS-Auswertungen lieferten eine zentrale Grundlage f\u00fcr die Festlegung der zuk\u00fcnftigen Einzugsgebiete und Zuteilungen der Kinderg\u00e4rten im Rahmen der Schulraumplanung Turgi.<\/p>\n<\/div>\n\n\n\n<div class=\"wp-block-column has-base-2-background-color has-background is-layout-flow wp-block-column-is-layout-flow\" style=\"flex-basis:10%\"><\/div>\n<\/div>\n\n\n\n<div class=\"wp-block-group alignwide has-global-padding is-layout-constrained wp-container-core-group-is-layout-01870354 wp-block-group-is-layout-constrained\" style=\"padding-top:var(--wp--preset--spacing--10);padding-right:var(--wp--preset--spacing--10);padding-bottom:var(--wp--preset--spacing--10);padding-left:var(--wp--preset--spacing--10)\">\n<div class=\"wp-block-columns is-not-stacked-on-mobile is-layout-flex wp-container-core-columns-is-layout-e0e4babd wp-block-columns-is-layout-flex\" style=\"padding-right:0;padding-left:0\">\n<div class=\"wp-block-column is-layout-flow wp-block-column-is-layout-flow\" style=\"flex-basis:50%\">\n<p class=\"has-large-font-size\"><a href=\"https:\/\/schulwegsicherheit.ch\/sws\/index.php\/schulwegplan\/\" data-type=\"page\" data-id=\"530\">\u2190 Schulwegplan<\/a><\/p>\n<\/div>\n\n\n\n<div class=\"wp-block-column is-layout-flow wp-block-column-is-layout-flow\" style=\"flex-basis:50%\">\n<p class=\"has-text-align-right has-large-font-size\"><a href=\"https:\/\/schulwegsicherheit.ch\/sws\/index.php\/verkehrslenkung-elterntaxi\/\" data-type=\"page\" data-id=\"522\">Verkehrslenkung \/ Elterntaxi \u2192<\/a><\/p>\n<\/div>\n<\/div>\n<\/div>\n","protected":false},"excerpt":{"rendered":"<p>Verkehrliche Ermittlung Einzugsgebiete Schulstandorte Einzugsgebiete Kindergartenstandorte Turgi aus verkehrlicher Sicht Ort Turgi Auftraggeber Stadt Baden Jahr 2025 Wie werden die Einzugsgebiete von Kinderg\u00e4rten in Turgi aus verkehrlicher Sicht festgelegt?&nbsp; Heute f\u00fchrt die Volksschule der Stadt Baden im Quartier Turgi an den zwei Standorten Dorf und Allmend insgesamt drei Kinderg\u00e4rten. In den bestehenden Einzugsgebieten&nbsp;stellt sich die [&hellip;]<\/p>\n","protected":false},"author":2,"featured_media":0,"parent":0,"menu_order":0,"comment_status":"closed","ping_status":"closed","template":"","meta":{"footnotes":""},"class_list":["post-412","page","type-page","status-publish","hentry"],"jetpack_sharing_enabled":true,"_links":{"self":[{"href":"https:\/\/schulwegsicherheit.ch\/sws\/index.php\/wp-json\/wp\/v2\/pages\/412","targetHints":{"allow":["GET"]}}],"collection":[{"href":"https:\/\/schulwegsicherheit.ch\/sws\/index.php\/wp-json\/wp\/v2\/pages"}],"about":[{"href":"https:\/\/schulwegsicherheit.ch\/sws\/index.php\/wp-json\/wp\/v2\/types\/page"}],"author":[{"embeddable":true,"href":"https:\/\/schulwegsicherheit.ch\/sws\/index.php\/wp-json\/wp\/v2\/users\/2"}],"replies":[{"embeddable":true,"href":"https:\/\/schulwegsicherheit.ch\/sws\/index.php\/wp-json\/wp\/v2\/comments?post=412"}],"version-history":[{"count":37,"href":"https:\/\/schulwegsicherheit.ch\/sws\/index.php\/wp-json\/wp\/v2\/pages\/412\/revisions"}],"predecessor-version":[{"id":964,"href":"https:\/\/schulwegsicherheit.ch\/sws\/index.php\/wp-json\/wp\/v2\/pages\/412\/revisions\/964"}],"wp:attachment":[{"href":"https:\/\/schulwegsicherheit.ch\/sws\/index.php\/wp-json\/wp\/v2\/media?parent=412"}],"curies":[{"name":"wp","href":"https:\/\/api.w.org\/{rel}","templated":true}]}}