{"id":112,"date":"2025-12-02T13:35:26","date_gmt":"2025-12-02T13:35:26","guid":{"rendered":"https:\/\/schulwegsicherheit.ch\/sws\/?page_id=112"},"modified":"2025-12-22T14:29:20","modified_gmt":"2025-12-22T14:29:20","slug":"partizipative-loesungsentwicklung","status":"publish","type":"page","link":"https:\/\/schulwegsicherheit.ch\/sws\/index.php\/partizipative-loesungsentwicklung\/","title":{"rendered":"Partizipative L\u00f6sungsentwicklung"},"content":{"rendered":"\n<div class=\"wp-block-columns alignfull is-layout-flex wp-container-core-columns-is-layout-cf9dd0f5 wp-block-columns-is-layout-flex\" style=\"border-top-style:none;border-top-width:0rem;border-bottom-width:1px;margin-top:0;margin-bottom:0;padding-top:0;padding-right:0;padding-bottom:0;padding-left:0\">\n<div class=\"wp-block-column has-background is-layout-flow wp-block-column-is-layout-flow\" style=\"background-color:#bae3c6;flex-basis:10vw\"><\/div>\n\n\n\n<div class=\"wp-block-column has-background is-layout-flow wp-container-core-column-is-layout-24419d1c wp-block-column-is-layout-flow\" style=\"background-color:#bae3c6;padding-top:var(--wp--preset--spacing--30);padding-right:var(--wp--preset--spacing--30);padding-bottom:var(--wp--preset--spacing--30);padding-left:var(--wp--preset--spacing--30);flex-basis:40vw\">\n<div class=\"wp-block-group has-global-padding is-layout-constrained wp-block-group-is-layout-constrained\" style=\"margin-top:0;margin-bottom:0;padding-top:0;padding-bottom:0\">\n<h1 class=\"wp-block-heading has-text-align-left is-style-default has-georgia-font-family has-xx-large-font-size\">Partizipative L\u00f6sungsentwicklung<\/h1>\n\n\n\n<div style=\"height:3vh\" aria-hidden=\"true\" class=\"wp-block-spacer\"><\/div>\n\n\n\n<h1 class=\"wp-block-heading has-text-align-left is-style-default has-ab-baldingerpro-font-family has-x-large-font-size\" style=\"font-style:normal;font-weight:700\">Umsetzungskonzept \u00abOptimierung der Verkehrssicherheit bei Schulen und Kinderg\u00e4rten im Kanton Basel-Stadt\u00bb<\/h1>\n\n\n\n<div style=\"height:2vh\" aria-hidden=\"true\" class=\"wp-block-spacer\"><\/div>\n\n\n\n<div class=\"wp-block-jetpack-slideshow\" data-effect=\"slide\" style=\"--aspect-ratio:calc(2560 \/ 1707)\"><div class=\"wp-block-jetpack-slideshow_container swiper\"><ul class=\"wp-block-jetpack-slideshow_swiper-wrapper swiper-wrapper\"><li class=\"wp-block-jetpack-slideshow_slide swiper-slide\"><figure><img loading=\"lazy\" decoding=\"async\" width=\"2560\" height=\"1707\" alt=\"(links) Kinderexpert:innen besprechen L\u00f6sungsans\u00e4tze gemeinsam mit einer Verkehrsexpertin; (rechts) Kinderexpert:innen auf einer gemeinsamen Begehung\" class=\"wp-block-jetpack-slideshow_image wp-image-639\" data-id=\"639\" data-aspect-ratio=\"2560 \/ 1707\" src=\"https:\/\/schulwegsicherheit.ch\/sws\/wp-content\/uploads\/2025\/12\/Bild_03-scaled.png\" srcset=\"https:\/\/schulwegsicherheit.ch\/sws\/wp-content\/uploads\/2025\/12\/Bild_03-scaled.png 2560w, https:\/\/schulwegsicherheit.ch\/sws\/wp-content\/uploads\/2025\/12\/Bild_03-300x200.png 300w, https:\/\/schulwegsicherheit.ch\/sws\/wp-content\/uploads\/2025\/12\/Bild_03-1024x683.png 1024w, https:\/\/schulwegsicherheit.ch\/sws\/wp-content\/uploads\/2025\/12\/Bild_03-768x512.png 768w, https:\/\/schulwegsicherheit.ch\/sws\/wp-content\/uploads\/2025\/12\/Bild_03-1536x1024.png 1536w, https:\/\/schulwegsicherheit.ch\/sws\/wp-content\/uploads\/2025\/12\/Bild_03-2048x1365.png 2048w\" sizes=\"(max-width: 2560px) 100vw, 2560px\" \/><\/figure><\/li><li class=\"wp-block-jetpack-slideshow_slide swiper-slide\"><figure><img loading=\"lazy\" decoding=\"async\" width=\"2560\" height=\"1244\" alt=\"Zwei Kinderexpert:innen Queren eine Quartierstrasse bei eingeschr\u00e4nkter Sicht\" class=\"wp-block-jetpack-slideshow_image wp-image-184\" data-id=\"184\" data-aspect-ratio=\"2560 \/ 1244\" src=\"https:\/\/schulwegsicherheit.ch\/sws\/wp-content\/uploads\/2025\/12\/StJohann_08c_ParkierteAutos-scaled.jpg\" srcset=\"https:\/\/schulwegsicherheit.ch\/sws\/wp-content\/uploads\/2025\/12\/StJohann_08c_ParkierteAutos-scaled.jpg 2560w, https:\/\/schulwegsicherheit.ch\/sws\/wp-content\/uploads\/2025\/12\/StJohann_08c_ParkierteAutos-300x146.jpg 300w, https:\/\/schulwegsicherheit.ch\/sws\/wp-content\/uploads\/2025\/12\/StJohann_08c_ParkierteAutos-1024x498.jpg 1024w, https:\/\/schulwegsicherheit.ch\/sws\/wp-content\/uploads\/2025\/12\/StJohann_08c_ParkierteAutos-768x373.jpg 768w, https:\/\/schulwegsicherheit.ch\/sws\/wp-content\/uploads\/2025\/12\/StJohann_08c_ParkierteAutos-1536x747.jpg 1536w, https:\/\/schulwegsicherheit.ch\/sws\/wp-content\/uploads\/2025\/12\/StJohann_08c_ParkierteAutos-2048x996.jpg 2048w\" sizes=\"(max-width: 2560px) 100vw, 2560px\" \/><\/figure><\/li><li class=\"wp-block-jetpack-slideshow_slide swiper-slide\"><figure><img loading=\"lazy\" decoding=\"async\" width=\"2560\" height=\"1244\" alt=\"Kinderexpert:innen besprechen eine Querung mit Lichtsignalanlage mit der Polizei\" class=\"wp-block-jetpack-slideshow_image wp-image-638\" data-id=\"638\" data-aspect-ratio=\"2560 \/ 1244\" src=\"https:\/\/schulwegsicherheit.ch\/sws\/wp-content\/uploads\/2025\/12\/Bild02-scaled.jpg\" srcset=\"https:\/\/schulwegsicherheit.ch\/sws\/wp-content\/uploads\/2025\/12\/Bild02-scaled.jpg 2560w, https:\/\/schulwegsicherheit.ch\/sws\/wp-content\/uploads\/2025\/12\/Bild02-300x146.jpg 300w, https:\/\/schulwegsicherheit.ch\/sws\/wp-content\/uploads\/2025\/12\/Bild02-1024x498.jpg 1024w, https:\/\/schulwegsicherheit.ch\/sws\/wp-content\/uploads\/2025\/12\/Bild02-768x373.jpg 768w, https:\/\/schulwegsicherheit.ch\/sws\/wp-content\/uploads\/2025\/12\/Bild02-1536x747.jpg 1536w, https:\/\/schulwegsicherheit.ch\/sws\/wp-content\/uploads\/2025\/12\/Bild02-2048x996.jpg 2048w\" sizes=\"(max-width: 2560px) 100vw, 2560px\" \/><\/figure><\/li><\/ul><a class=\"wp-block-jetpack-slideshow_button-prev swiper-button-prev swiper-button-white\" role=\"button\"><\/a><a class=\"wp-block-jetpack-slideshow_button-next swiper-button-next swiper-button-white\" role=\"button\"><\/a><a aria-label=\"Pause Slideshow\" class=\"wp-block-jetpack-slideshow_button-pause\" role=\"button\"><\/a><div class=\"wp-block-jetpack-slideshow_pagination swiper-pagination swiper-pagination-white\"><\/div><\/div><\/div>\n\n\n\n<div style=\"height:0.5vw\" aria-hidden=\"true\" class=\"wp-block-spacer\"><\/div>\n\n\n\n<div class=\"wp-block-group has-global-padding is-content-justification-left is-layout-constrained wp-container-core-group-is-layout-12dd3699 wp-block-group-is-layout-constrained\">\n<div class=\"wp-block-columns are-vertically-aligned-top is-not-stacked-on-mobile is-layout-flex wp-container-core-columns-is-layout-e0e4babd wp-block-columns-is-layout-flex\" style=\"padding-right:0;padding-left:0\">\n<div class=\"wp-block-column is-vertically-aligned-top is-layout-flow wp-block-column-is-layout-flow\" style=\"padding-bottom:var(--wp--preset--spacing--20);font-size:clamp(0.984rem, 0.984rem + ((1vw - 0.2rem) * 0.645), 1.5rem);font-style:normal;font-weight:600;flex-basis:30%\">\n<div class=\"wp-block-columns is-layout-flex wp-container-core-columns-is-layout-28f84493 wp-block-columns-is-layout-flex\">\n<div class=\"wp-block-column is-layout-flow wp-block-column-is-layout-flow\">\n<p class=\"has-small-font-size\" style=\"font-style:normal;font-weight:400\">Ort<\/p>\n\n\n\n<p class=\"has-large-font-size\" style=\"font-style:normal;font-weight:400\">Basel-Stadt<\/p>\n<\/div>\n<\/div>\n<\/div>\n\n\n\n<div class=\"wp-block-column is-layout-flow wp-block-column-is-layout-flow\" style=\"flex-basis:2.5%\"><\/div>\n\n\n\n<div class=\"wp-block-column is-vertically-aligned-top is-layout-flow wp-block-column-is-layout-flow\" style=\"padding-bottom:var(--wp--preset--spacing--20);font-size:clamp(0.984rem, 0.984rem + ((1vw - 0.2rem) * 0.645), 1.5rem);font-style:normal;font-weight:600;flex-basis:35%\">\n<p class=\"has-small-font-size\" style=\"font-style:normal;font-weight:400\">Auftraggeber<\/p>\n\n\n\n<p class=\"has-large-font-size\" style=\"font-style:normal;font-weight:400\">Kanton Basel-Stadt<\/p>\n<\/div>\n\n\n\n<div class=\"wp-block-column is-layout-flow wp-block-column-is-layout-flow\" style=\"flex-basis:2.5%\"><\/div>\n\n\n\n<div class=\"wp-block-column is-vertically-aligned-top is-layout-flow wp-block-column-is-layout-flow\" style=\"padding-bottom:0;font-size:clamp(0.984rem, 0.984rem + ((1vw - 0.2rem) * 0.645), 1.5rem);font-style:normal;font-weight:600;flex-basis:30%\">\n<p class=\"has-small-font-size\" style=\"font-style:normal;font-weight:400\">Jahr<\/p>\n\n\n\n<p class=\"has-large-font-size\" style=\"font-style:normal;font-weight:400\">2021<\/p>\n<\/div>\n<\/div>\n<\/div>\n<\/div>\n<\/div>\n\n\n\n<div class=\"wp-block-column is-layout-flow wp-block-column-is-layout-flow\" style=\"border-top-width:1px;border-right-width:1px\"><\/div>\n\n\n\n<div class=\"wp-block-column is-layout-flow wp-block-column-is-layout-flow\" style=\"padding-top:var(--wp--preset--spacing--30);padding-right:var(--wp--preset--spacing--30);padding-bottom:var(--wp--preset--spacing--30);padding-left:var(--wp--preset--spacing--30);flex-basis:40vw\">\n<p class=\"has-large-font-size\" style=\"font-style:normal;font-weight:400\"><strong>Schulkinder beraten den Kanton in Sachen Schulwegsicherheit<\/strong><\/p>\n\n\n\n<div style=\"height:0.75rem\" aria-hidden=\"true\" class=\"wp-block-spacer\"><\/div>\n\n\n\n<p class=\"has-large-font-size\" style=\"font-style:normal;font-weight:400\">In der Umgebung von Schulstandorten in der Stadt Basel soll die Verkehrssicherheit verbessert werden. Zusammen mit dem Kinderb\u00fcro Basel durften wir das Amt f\u00fcr Mobilit\u00e4t des Kantons Basel-Stadt dabei unterst\u00fctzen.<\/p>\n\n\n\n<div style=\"height:0.75rem\" aria-hidden=\"true\" class=\"wp-block-spacer\"><\/div>\n\n\n\n<p class=\"has-large-font-size\">Dazu besuchten wir <strong>gemeinsam mit Kindern<\/strong>&nbsp;verschiedene Standorte und diskutierten in Gruppen&nbsp;<strong>m\u00f6gliche Massnahmen<\/strong>, um die Verkehrssicherheit lokal zu verbessern.<\/p>\n\n\n\n<div style=\"height:0.75rem\" aria-hidden=\"true\" class=\"wp-block-spacer\"><\/div>\n\n\n\n<p class=\"has-large-font-size\"><strong>Naheliegende L\u00f6sungsans\u00e4tze<\/strong>, wenn die Sicht auf die Kinder f\u00fcr heranfahrende Fahrzeuge durch parkierte Autos, bauliche Hindernisse oder grosse B\u00fcsche versperrt wird, sind die Entfernung dieser Hindernisse oder der Bau von Trottoirnasen.<\/p>\n\n\n\n<div style=\"height:0.75rem\" aria-hidden=\"true\" class=\"wp-block-spacer\"><\/div>\n\n\n\n<p class=\"has-large-font-size\">Die Kinder hatten aber auch <strong>Ideen zur Beeinflussung des Verkehrsverhaltens<\/strong>: Autofahrende sollen mit Kampagnen f\u00fcr die Einhaltung der g\u00fcltigen Tempolimiten sensibilisiert werden und eine Verk\u00fcrzung der Wartezeiten an Fussg\u00e4nger-Ampeln w\u00fcrde das Queren bei Rot reduzieren. Bei den Ampeln ist auch das Vermeiden von gleichzeitigem Gr\u00fcn f\u00fcr Fussg\u00e4nger und abbiegende Autos im Konflikt eine wichtige Massnahme.<\/p>\n\n\n\n<div style=\"height:0.75rem\" aria-hidden=\"true\" class=\"wp-block-spacer\"><\/div>\n\n\n\n<p class=\"has-large-font-size\" style=\"font-style:normal;font-weight:400\">Diese Erfahrungen zeigen uns, dass Schulkinder Gefahren im Strassenraum sehr gut einsch\u00e4tzen k\u00f6nnen und <strong>wertvolle Inputs<\/strong>&nbsp;f\u00fcr die Verbesserung der Verkehrssicherheit geben.<\/p>\n<\/div>\n\n\n\n<div class=\"wp-block-column has-base-2-background-color has-background is-layout-flow wp-block-column-is-layout-flow\" style=\"flex-basis:10vw\"><\/div>\n<\/div>\n\n\n\n<div class=\"wp-block-group alignwide has-global-padding is-layout-constrained wp-container-core-group-is-layout-01870354 wp-block-group-is-layout-constrained\" style=\"padding-top:var(--wp--preset--spacing--10);padding-right:var(--wp--preset--spacing--10);padding-bottom:var(--wp--preset--spacing--10);padding-left:var(--wp--preset--spacing--10)\">\n<div class=\"wp-block-columns is-not-stacked-on-mobile is-layout-flex wp-container-core-columns-is-layout-e0e4babd wp-block-columns-is-layout-flex\" style=\"padding-right:0;padding-left:0\">\n<div class=\"wp-block-column is-layout-flow wp-block-column-is-layout-flow\" style=\"flex-basis:50%\">\n<p class=\"has-large-font-size\"><a href=\"https:\/\/schulwegsicherheit.ch\/sws\/index.php\/schwachstellenanalyse\/\" data-type=\"page\" data-id=\"112\"><\/a><a href=\"https:\/\/schulwegsicherheit.ch\/sws\/index.php\/befragungen\/\" data-type=\"page\" data-id=\"348\">\u2190 Befragungen Kinder und Eltern<\/a><\/p>\n<\/div>\n\n\n\n<div class=\"wp-block-column is-layout-flow wp-block-column-is-layout-flow\" style=\"flex-basis:50%\">\n<p class=\"has-text-align-right has-large-font-size\"><a href=\"https:\/\/schulwegsicherheit.ch\/sws\/index.php\/schulwegplan\/\" data-type=\"page\" data-id=\"530\">Schulwegplan \u2192<\/a><\/p>\n<\/div>\n<\/div>\n<\/div>\n","protected":false},"excerpt":{"rendered":"<p>Partizipative L\u00f6sungsentwicklung Umsetzungskonzept \u00abOptimierung der Verkehrssicherheit bei Schulen und Kinderg\u00e4rten im Kanton Basel-Stadt\u00bb Ort Basel-Stadt Auftraggeber Kanton Basel-Stadt Jahr 2021 Schulkinder beraten den Kanton in Sachen Schulwegsicherheit In der Umgebung von Schulstandorten in der Stadt Basel soll die Verkehrssicherheit verbessert werden. Zusammen mit dem Kinderb\u00fcro Basel durften wir das Amt f\u00fcr Mobilit\u00e4t des Kantons Basel-Stadt [&hellip;]<\/p>\n","protected":false},"author":1,"featured_media":0,"parent":0,"menu_order":0,"comment_status":"closed","ping_status":"closed","template":"","meta":{"footnotes":""},"class_list":["post-112","page","type-page","status-publish","hentry"],"jetpack_sharing_enabled":true,"_links":{"self":[{"href":"https:\/\/schulwegsicherheit.ch\/sws\/index.php\/wp-json\/wp\/v2\/pages\/112","targetHints":{"allow":["GET"]}}],"collection":[{"href":"https:\/\/schulwegsicherheit.ch\/sws\/index.php\/wp-json\/wp\/v2\/pages"}],"about":[{"href":"https:\/\/schulwegsicherheit.ch\/sws\/index.php\/wp-json\/wp\/v2\/types\/page"}],"author":[{"embeddable":true,"href":"https:\/\/schulwegsicherheit.ch\/sws\/index.php\/wp-json\/wp\/v2\/users\/1"}],"replies":[{"embeddable":true,"href":"https:\/\/schulwegsicherheit.ch\/sws\/index.php\/wp-json\/wp\/v2\/comments?post=112"}],"version-history":[{"count":97,"href":"https:\/\/schulwegsicherheit.ch\/sws\/index.php\/wp-json\/wp\/v2\/pages\/112\/revisions"}],"predecessor-version":[{"id":906,"href":"https:\/\/schulwegsicherheit.ch\/sws\/index.php\/wp-json\/wp\/v2\/pages\/112\/revisions\/906"}],"wp:attachment":[{"href":"https:\/\/schulwegsicherheit.ch\/sws\/index.php\/wp-json\/wp\/v2\/media?parent=112"}],"curies":[{"name":"wp","href":"https:\/\/api.w.org\/{rel}","templated":true}]}}